{"id":1558,"date":"2024-06-03T15:55:36","date_gmt":"2024-06-03T13:55:36","guid":{"rendered":"https:\/\/archive-argealp.eu\/?post_type=archivale-des-monats&#038;p=1558"},"modified":"2025-01-21T15:40:03","modified_gmt":"2025-01-21T14:40:03","slug":"allombra-dei-larci-il-campeggio-della-gioventu-italiana-a-brusago-1951-1952","status":"publish","type":"archivale-des-monats","link":"https:\/\/archive-argealp.eu\/it\/archivale-des-monats\/allombra-dei-larci-il-campeggio-della-gioventu-italiana-a-brusago-1951-1952\/","title":{"rendered":"All\u2019ombra dei larici &#8211; Il campeggio della Giovent\u00f9 Italiana a Brusago (1951 &#8211; 1952)"},"content":{"rendered":"\n<p style=\"font-size:18px\"><em>\u201cSotto ragazzi, ch\u00e9 quest\u2019anno sar\u00e0 una cosa ancora pi\u00f9 meravigliosa dello scorso anno!\u201d <\/em>Con questo allettante invito, nel giugno del 1952, il Commissariato Nazionale della Giovent\u00f9 Italiana invitava i ragazzi trentini di et\u00e0 compresa tra i 12 e 15 anni a partecipare alla seconda edizione del \u201cmagnifico\u201d campeggio di Brusago sull\u2019Altopiano di Pin\u00e9. Il campeggio costituiva una forma ricreativa inedita e rispondeva bene alle necessit\u00e0 socio-assistenziali di una categoria di giovani, quella degli adolescenti, esclusa per et\u00e0 dall\u2019animazione estiva pi\u00f9 tradizionale, quella rappresentata dalle colonie alpine e marittime, rivolte ai piccoli in et\u00e0 scolare. <\/p>\n\n<p style=\"font-size:18px\">L\u2019organizzazione del campo si rivel\u00f2 tutt\u2019altro che semplice. Occorreva infatti trovare uno spazio ampio, isolato ma non troppo lontano da un centro abitato, silenzioso e appartato ma fornito di servizi igienico-sanitari adeguati e di assistenza medica, fuori dal traffico ma facilmente raggiungibile con i mezzi pubblici.  Dopo aver preso in esame molte localit\u00e0, la scelta cadde su un immenso prato attorniato da larici situato a 1100 metri di altezza vicino a Brusago, frazione del comune di Bedollo sull\u2019Altopiano di Pin\u00e9, distante poco pi\u00f9 di 25 chilometri dalla citt\u00e0 di Trento. L\u2019allestimento occup\u00f2 il personale del Commissariato Regionale per diverse settimane ma alla fine il risultato fu eccellente: per accogliere i 100 giovani selezionati per la vacanza furono montate 14 tende di grandi dimensioni, l\u2019acqua di un ruscello soprastante fu incanalata e portata fino alla sezione docce e ai lavandini. Tutte le tende, provviste di luce elettrica, furono dotate di comodi lettini a castello con lenzuola, coperte e cuscini nuovi; una piccola tenda venne adibita a cappella e in una casetta gi\u00e0 esistente vennero stipate le attrezzature del magazzino e la cucina. I trenta giorni di campeggio passarono velocemente tra giochi, attivit\u00e0 ginniche, escursioni in montagna, canti, letture e la santa messa. Gli ottimi e abbondanti pasti cucinati dalla cuoca furono accolti con tale entusiasmo dai ragazzi che molti di loro aumentarono di peso anche di 3 chili. Alla fine dei 30 giorni \u201ci ragazzi lasciarono il campeggio a malincuore\u201d, l\u2019affiatamento tra di loro era diventato perfetto e l\u2019assistenza del personale, accurata e stimolante, lasci\u00f2 in loro il ricordo indelebile di una vacanza straordinaria.<\/p>\n\n<p style=\"font-size:18px\"><\/p>\n\n<p style=\"font-size:18px\"><strong>Fiammetta Baldo, Archivio provinciale di Trento<\/strong><\/p>\n\n<p class=\"has-white-color has-text-color has-link-color wp-elements-78b25e6510b5b1f434deebc9a9b29ac0\">LLL<\/p>\n\n<p class=\"has-white-color has-text-color has-link-color wp-elements-78b25e6510b5b1f434deebc9a9b29ac0\">LLL<\/p>\n\n<div class=\"wp-block-group is-vertical is-layout-flex wp-container-core-group-is-layout-fe9cc265 wp-block-group-is-layout-flex\">\n<p class=\"has-small-font-size\"><strong>Fonti<\/strong> Archivio provinciale di Trento: Ufficio provinciale di Trento della Giovent\u00f9 italiana, 1933\u20131973, bb. 1.6.64\u20131.6.66.  <a href=\"https:\/\/www.cultura.trentino.it\/archivistorici\/inventari\/870250\" target=\"_blank\" rel=\"noreferrer noopener\">https:\/\/www.cultura.trentino.it\/archivistorici\/inventari\/870250<\/a><\/p>\n\n\n\n<p class=\"has-small-font-size\"><strong> <\/strong><\/p>\n\n\n\n<p class=\"has-small-font-size\"><\/p>\n\n\n\n<p class=\"has-small-font-size\"><\/p>\n<\/div>\n\n<figure class=\"wp-block-embed is-type-video is-provider-youtube wp-block-embed-youtube wp-embed-aspect-16-9 wp-has-aspect-ratio\"><div class=\"wp-block-embed__wrapper\">\n<iframe title=\"Panoramica sull&#039;Altopiano di Pin\u00e9 da malga Stramaiolo\" width=\"800\" height=\"450\" src=\"https:\/\/www.youtube.com\/embed\/-y1IZlJxmqE?feature=oembed\" frameborder=\"0\" allow=\"accelerometer; autoplay; clipboard-write; encrypted-media; gyroscope; picture-in-picture; web-share\" referrerpolicy=\"strict-origin-when-cross-origin\" allowfullscreen><\/iframe>\n<\/div><\/figure>\n","protected":false},"template":"","class_list":["post-1558","archivale-des-monats","type-archivale-des-monats","status-publish","hentry"],"_links":{"self":[{"href":"https:\/\/archive-argealp.eu\/it\/wp-json\/wp\/v2\/archivale-des-monats\/1558","targetHints":{"allow":["GET"]}}],"collection":[{"href":"https:\/\/archive-argealp.eu\/it\/wp-json\/wp\/v2\/archivale-des-monats"}],"about":[{"href":"https:\/\/archive-argealp.eu\/it\/wp-json\/wp\/v2\/types\/archivale-des-monats"}],"wp:attachment":[{"href":"https:\/\/archive-argealp.eu\/it\/wp-json\/wp\/v2\/media?parent=1558"}],"curies":[{"name":"wp","href":"https:\/\/api.w.org\/{rel}","templated":true}]}}

All’ombra dei larici &#8211; Il campeggio della Gioventù Italiana a Brusago (1951 &#8211; 1952)

<p style="font-size:18px"><em>“Sotto ragazzi, ché quest’anno sarà una cosa ancora più meravigliosa dello scorso anno!” </em>Con questo allettante invito, nel giugno del 1952, il Commissariato Nazionale della Gioventù Italiana invitava i ragazzi trentini di età compresa tra i 12 e 15 anni a partecipare alla seconda edizione del “magnifico” campeggio di Brusago sull’Altopiano di Piné. Il campeggio costituiva una forma ricreativa inedita e rispondeva bene alle necessità socio-assistenziali di una categoria di giovani, quella degli adolescenti, esclusa per età dall’animazione estiva più tradizionale, quella rappresentata dalle colonie alpine e marittime, rivolte ai piccoli in età scolare. </p>

<p style="font-size:18px">L’organizzazione del campo si rivelò tutt’altro che semplice. Occorreva infatti trovare uno spazio ampio, isolato ma non troppo lontano da un centro abitato, silenzioso e appartato ma fornito di servizi igienico-sanitari adeguati e di assistenza medica, fuori dal traffico ma facilmente raggiungibile con i mezzi pubblici.  Dopo aver preso in esame molte località, la scelta cadde su un immenso prato attorniato da larici situato a 1100 metri di altezza vicino a Brusago, frazione del comune di Bedollo sull’Altopiano di Piné, distante poco più di 25 chilometri dalla città di Trento. L’allestimento occupò il personale del Commissariato Regionale per diverse settimane ma alla fine il risultato fu eccellente: per accogliere i 100 giovani selezionati per la vacanza furono montate 14 tende di grandi dimensioni, l’acqua di un ruscello soprastante fu incanalata e portata fino alla sezione docce e ai lavandini. Tutte le tende, provviste di luce elettrica, furono dotate di comodi lettini a castello con lenzuola, coperte e cuscini nuovi; una piccola tenda venne adibita a cappella e in una casetta già esistente vennero stipate le attrezzature del magazzino e la cucina. I trenta giorni di campeggio passarono velocemente tra giochi, attività ginniche, escursioni in montagna, canti, letture e la santa messa. Gli ottimi e abbondanti pasti cucinati dalla cuoca furono accolti con tale entusiasmo dai ragazzi che molti di loro aumentarono di peso anche di 3 chili. Alla fine dei 30 giorni “i ragazzi lasciarono il campeggio a malincuore”, l’affiatamento tra di loro era diventato perfetto e l’assistenza del personale, accurata e stimolante, lasciò in loro il ricordo indelebile di una vacanza straordinaria.</p>

<p style="font-size:18px"></p>

<p style="font-size:18px"><strong>Fiammetta Baldo, Archivio provinciale di Trento</strong></p>

<p class="has-white-color has-text-color has-link-color wp-elements-78b25e6510b5b1f434deebc9a9b29ac0">LLL</p>

<p class="has-white-color has-text-color has-link-color wp-elements-78b25e6510b5b1f434deebc9a9b29ac0">LLL</p>

<div class="wp-block-group is-vertical is-layout-flex wp-container-core-group-is-layout-fe9cc265 wp-block-group-is-layout-flex">
<p class="has-small-font-size"><strong>Fonti</strong> Archivio provinciale di Trento: Ufficio provinciale di Trento della Gioventù italiana, 1933–1973, bb. 1.6.64–1.6.66.  <a href="https://www.cultura.trentino.it/archivistorici/inventari/870250" target="_blank" rel="noreferrer noopener">https://www.cultura.trentino.it/archivistorici/inventari/870250</a></p>



<p class="has-small-font-size"><strong> </strong></p>



<p class="has-small-font-size"></p>



<p class="has-small-font-size"></p>
</div>

<figure class="wp-block-embed is-type-video is-provider-youtube wp-block-embed-youtube wp-embed-aspect-16-9 wp-has-aspect-ratio"><div class="wp-block-embed__wrapper">
<iframe title="Panoramica sull&#039;Altopiano di Piné da malga Stramaiolo" width="800" height="450" src="https://www.youtube.com/embed/-y1IZlJxmqE?feature=oembed" frameborder="0" allow="accelerometer; autoplay; clipboard-write; encrypted-media; gyroscope; picture-in-picture; web-share" referrerpolicy="strict-origin-when-cross-origin" allowfullscreen></iframe>
</div></figure>
