{"id":1566,"date":"2024-09-01T08:00:00","date_gmt":"2024-09-01T06:00:00","guid":{"rendered":"https:\/\/archive-argealp.eu\/?post_type=archivale-des-monats&#038;p=1566"},"modified":"2025-01-21T15:39:58","modified_gmt":"2025-01-21T14:39:58","slug":"la-promozione-del-turismo-nel-vorarlberg","status":"publish","type":"archivale-des-monats","link":"https:\/\/archive-argealp.eu\/it\/archivale-des-monats\/la-promozione-del-turismo-nel-vorarlberg\/","title":{"rendered":"La promozione del turismo nel Vorarlberg"},"content":{"rendered":"\n<p style=\"font-size:18px\">Non si voleva pi\u00f9 rimanere un paese di transito tra la Svizzera e il Tirolo, che erano gi\u00e0 ben sviluppati dal punto di vista turistico. I turisti non dovrebbero sperimentare il Vorarlberg dal finestrino di un treno, ma soffermarsi nella regione. Per promuovere la vita economica del Vorarlberg e organizzare il turismo, nel 1893 \u00e8 stato costituito il \u201eLandesverband f\u00fcr Fremdenverkehr in Vorarlberg\u201c (l\u2019associazione regionale per il turismo del Vorarlberg). I proponenti invitarono il Land Vorarlberg a diventare un membro a pieno titolo. L\u2019associazione <em>avr\u00e0 il compito<\/em> <em> di realizzare, migliorare e potenziare i mezzi di comunicazione<\/em> [\u2026] e i<em>n particolare di contribuire al miglioramento e al perfezionamento delle condizioni di alloggio<\/em> [\u2026]. La giunta del Land Vorarlberg decise di aderire.<\/p>\n\n<p style=\"font-size:18px\">La pubblicit\u00e0 mirata sia in patria che all\u2019estero si dimostr\u00f2 efficace. L\u2019incontro tra i numerosi ospiti e i padroni di casa non solo ha contribuito all\u2019ampliamento degli orizzonti, ma ha anche affinato le identit\u00e0 e consolidato o generato innumerevoli pregiudizi e stereotipi. Il turismo, inteso come fonte di guadagno, ha contribuito a contrastare l\u2019esodo dalle valli. Ma a quale costo? <\/p>\n\n<p style=\"font-size:18px\">In un dibattito sulla sovvenzione dell\u2019associazione turistica, il Landeshauptmann dottor Otto Ender pronunci\u00f2 parole di avvertimento nel parlamento del Vorarlberg nel 1929: <em>Ora, per\u00f2, la popolazione \u00e8 aiutata solo se non subisce danni in altre parti, <\/em> [\u2026] <em>[\u2026] e non fa nulla per evitare i danni che oggi sono inevitabilmente associati al turismo. So che nelle nostre localit\u00e0 turistiche affluiscono dall\u2019estero cattolici e protestanti di un calibro rispettabile, che sono davvero nostri ospiti e la cui presenza \u00e8 sempre molto gradita [\u2026].<\/em> [\u2026]. <em>\u00c8 un danno quando vengono qui le signore di Berlino cos\u00ec logore, che hanno gi\u00e0 goduto a sufficienza dei piaceri disponibili nella metropoli e si divertono solo con i sani e genuini ragazzi della campagna del Vorarlberg <\/em> [\u2026]. Non \u00e8 una sorpresa se in questo contesto si pensa ai maestri di sci! <\/p>\n\n<p style=\"font-size:18px\"><strong>Diana Fabian, Archivio di Stato del Vorarlberg<\/strong><\/p>\n\n<p class=\"has-white-color has-text-color has-link-color wp-elements-78b25e6510b5b1f434deebc9a9b29ac0\">LLL<\/p>\n\n<figure class=\"wp-block-embed is-type-video is-provider-youtube wp-block-embed-youtube wp-embed-aspect-4-3 wp-has-aspect-ratio\"><div class=\"wp-block-embed__wrapper\"> \n<iframe title=\"Skifahren in Lech und Z\u00fcrs am Arlberg\" width=\"800\" height=\"600\" src=\"https:\/\/www.youtube.com\/embed\/JFzCWrNHe50?feature=oembed\" frameborder=\"0\" allow=\"accelerometer; autoplay; clipboard-write; encrypted-media; gyroscope; picture-in-picture; web-share\" referrerpolicy=\"strict-origin-when-cross-origin\" allowfullscreen><\/iframe>\n <\/div><\/figure>\n\n<p class=\"has-white-color has-text-color has-link-color wp-elements-78b25e6510b5b1f434deebc9a9b29ac0\">LLL<\/p>\n\n<div class=\"wp-block-group is-vertical is-layout-flex wp-container-core-group-is-layout-fe9cc265 wp-block-group-is-layout-flex\">\n<p class=\"has-small-font-size\"><strong>Fonte:<\/strong> Archivio di Stato del Vorarlberg: Vorarlberger Landesausschuss 4117\/1893<\/p>\n\n\n\n<p class=\"has-small-font-size\"><strong>Letteratura:<\/strong> Franz Mathis (et al.), Alpiner Tourismus: mehr Chancen als Gefahren? Versuch einer Gesamtschau. Pubblicato in: Internationale Gesellschaft f\u00fcr historische Alpenforschung (ed.), Tourismus und Kultureller Wandel, Zurigo 2004, pp. 14\u201315.<\/p>\n\n\n\n<p class=\"has-small-font-size\"><strong>Altra fonte:<\/strong> Resoconti stenografici del 13\u00b0 Landtag del Vorarlberg, 3a sessione 14 marzo 1929, pag. 89.<\/p>\n<\/div>\n","protected":false},"template":"","class_list":["post-1566","archivale-des-monats","type-archivale-des-monats","status-publish","hentry"],"_links":{"self":[{"href":"https:\/\/archive-argealp.eu\/it\/wp-json\/wp\/v2\/archivale-des-monats\/1566","targetHints":{"allow":["GET"]}}],"collection":[{"href":"https:\/\/archive-argealp.eu\/it\/wp-json\/wp\/v2\/archivale-des-monats"}],"about":[{"href":"https:\/\/archive-argealp.eu\/it\/wp-json\/wp\/v2\/types\/archivale-des-monats"}],"wp:attachment":[{"href":"https:\/\/archive-argealp.eu\/it\/wp-json\/wp\/v2\/media?parent=1566"}],"curies":[{"name":"wp","href":"https:\/\/api.w.org\/{rel}","templated":true}]}}

<p style="font-size:18px">Non si voleva più rimanere un paese di transito tra la Svizzera e il Tirolo, che erano già ben sviluppati dal punto di vista turistico. I turisti non dovrebbero sperimentare il Vorarlberg dal finestrino di un treno, ma soffermarsi nella regione. Per promuovere la vita economica del Vorarlberg e organizzare il turismo, nel 1893 è stato costituito il „Landesverband für Fremdenverkehr in Vorarlberg“ (l’associazione regionale per il turismo del Vorarlberg). I proponenti invitarono il Land Vorarlberg a diventare un membro a pieno titolo. L’associazione <em>avrà il compito</em> <em> di realizzare, migliorare e potenziare i mezzi di comunicazione</em> […] e i<em>n particolare di contribuire al miglioramento e al perfezionamento delle condizioni di alloggio</em> […]. La giunta del Land Vorarlberg decise di aderire.</p>

<p style="font-size:18px">La pubblicità mirata sia in patria che all’estero si dimostrò efficace. L’incontro tra i numerosi ospiti e i padroni di casa non solo ha contribuito all’ampliamento degli orizzonti, ma ha anche affinato le identità e consolidato o generato innumerevoli pregiudizi e stereotipi. Il turismo, inteso come fonte di guadagno, ha contribuito a contrastare l’esodo dalle valli. Ma a quale costo? </p>

<p style="font-size:18px">In un dibattito sulla sovvenzione dell’associazione turistica, il Landeshauptmann dottor Otto Ender pronunciò parole di avvertimento nel parlamento del Vorarlberg nel 1929: <em>Ora, però, la popolazione è aiutata solo se non subisce danni in altre parti, </em> […] <em>[…] e non fa nulla per evitare i danni che oggi sono inevitabilmente associati al turismo. So che nelle nostre località turistiche affluiscono dall’estero cattolici e protestanti di un calibro rispettabile, che sono davvero nostri ospiti e la cui presenza è sempre molto gradita […].</em> […]. <em>È un danno quando vengono qui le signore di Berlino così logore, che hanno già goduto a sufficienza dei piaceri disponibili nella metropoli e si divertono solo con i sani e genuini ragazzi della campagna del Vorarlberg </em> […]. Non è una sorpresa se in questo contesto si pensa ai maestri di sci! </p>

<p style="font-size:18px"><strong>Diana Fabian, Archivio di Stato del Vorarlberg</strong></p>

<p class="has-white-color has-text-color has-link-color wp-elements-78b25e6510b5b1f434deebc9a9b29ac0">LLL</p>

<figure class="wp-block-embed is-type-video is-provider-youtube wp-block-embed-youtube wp-embed-aspect-4-3 wp-has-aspect-ratio"><div class="wp-block-embed__wrapper"> 
<iframe title="Skifahren in Lech und Zürs am Arlberg" width="800" height="600" src="https://www.youtube.com/embed/JFzCWrNHe50?feature=oembed" frameborder="0" allow="accelerometer; autoplay; clipboard-write; encrypted-media; gyroscope; picture-in-picture; web-share" referrerpolicy="strict-origin-when-cross-origin" allowfullscreen></iframe>
 </div></figure>

<p class="has-white-color has-text-color has-link-color wp-elements-78b25e6510b5b1f434deebc9a9b29ac0">LLL</p>

<div class="wp-block-group is-vertical is-layout-flex wp-container-core-group-is-layout-fe9cc265 wp-block-group-is-layout-flex">
<p class="has-small-font-size"><strong>Fonte:</strong> Archivio di Stato del Vorarlberg: Vorarlberger Landesausschuss 4117/1893</p>



<p class="has-small-font-size"><strong>Letteratura:</strong> Franz Mathis (et al.), Alpiner Tourismus: mehr Chancen als Gefahren? Versuch einer Gesamtschau. Pubblicato in: Internationale Gesellschaft für historische Alpenforschung (ed.), Tourismus und Kultureller Wandel, Zurigo 2004, pp. 14–15.</p>



<p class="has-small-font-size"><strong>Altra fonte:</strong> Resoconti stenografici del 13° Landtag del Vorarlberg, 3a sessione 14 marzo 1929, pag. 89.</p>
</div>
