{"id":1786,"date":"2025-01-01T08:00:00","date_gmt":"2025-01-01T07:00:00","guid":{"rendered":"https:\/\/archive-argealp.eu\/?post_type=archivale-des-monats&#038;p=1786"},"modified":"2025-08-25T14:23:41","modified_gmt":"2025-08-25T12:23:41","slug":"tutti-amavano-felix","status":"publish","type":"archivale-des-monats","link":"https:\/\/archive-argealp.eu\/it\/archivale-des-monats\/tutti-amavano-felix\/","title":{"rendered":"Tutti amavano Felix"},"content":{"rendered":"\n<p style=\"font-size:18px\">Uno stambecco che non si sentiva a casa in alta montagna.<\/p>\n\n<p style=\"font-size:18px\">Lo stambecco delle Alpi era stato sterminato fatta eccezione per un piccolo nucleo sopravvissuto nella riserva reale di caccia del Gran Paradiso, in Italia. Fu l\u00ec che, a partire dal 1906, alcuni svizzeri organizzarono il furto di capretti per allevare la specie nella riserva per la selvaggina <a href=\"https:\/\/www.wildpark-peterundpaul.ch\/\" target=\"_blank\" rel=\"noopener\">Peter und Paul<\/a> di San Gallo, inaugurata nel 1892 <\/p>\n\n<p style=\"font-size:18px\">A partire dal 1920, le rimesse in libert\u00e0 in Engadina ebbero un successo duraturo. Nel 1958, i cacciatori del Vorarlberg diedero inizio a un rilascio in natura nella Valle Vergalda (Montafon), liberando tre coppie di stambecchi provenienti dalla <a href=\"https:\/\/nationalpark.ch\/flora-und-fauna\/wiederansiedlung-steinbock\/\" target=\"_blank\" rel=\"noopener\">riserva del Piz Albris<\/a>. Nel 1960, la colonia fu rafforzata con tre maschi e due femmine che la citt\u00e0 di Zurigo don\u00f2 alla comunit\u00e0 di cacciatori dalla sua riserva per la <a href=\"https:\/\/www.wildnispark.ch\/de\" target=\"_blank\" rel=\"noopener\">selvaggina di Langenberg<\/a>, istituita nel 1869. Lo \u201czurighese\u201d Felix non rimase a lungo in quella zona. Si avventur\u00f2 per il Vorarlberg, scese a Gortipohl, sost\u00f2 nella Valle di Brand, fu avvistato sullo Stadtschrofen di Feldkirch, alliet\u00f2 gli abitanti di Hohenems come emblema vivente e divenne \u2013 semi-addomesticato \u2013 una vera attrazione ad Alberschwende. L\u00ec, nel dicembre del 1962, un guardiacaccia lo cattur\u00f2 e lo accud\u00ec.     <\/p>\n\n<p style=\"font-size:18px\">Fu allora che Karl Lampert, commerciante di Feldkirch e capo distrettuale dei cacciatori prese l\u2019iniziativa: il 10 luglio 1963 otto proponenti annunciarono la fondazione dell\u2019associazione <a href=\"https:\/\/www.wildpark-feldkirch.at\/\" target=\"_blank\" rel=\"noopener\">\u201cWildpark Feldkirch\u201d<\/a>, con l\u2019intento<em> di creare un parco faunistico dedicato alla tutela di specie selvatiche autoctone e di quelle un tempo appartenenti al territorio<\/em>. Situato sul monte Ardetzenberg, il parco avrebbe dovuto diventare un punto di attrazione sia per i locali quanto per gli stranieri, fungendo al contempo da <em>oggetto di studio per gli studenti nell\u2019ambito dell\u2019educazione alla storia locale e alle scienze naturali.<\/em><\/p>\n\n<p style=\"font-size:18px\">A partire dal 23 luglio, Felix pot\u00e9 essere ammirato in un recinto provvisorio. Da San Gallo gli furono affiancati la capra Barbara e il suo capretto Ludwig. A loro si unirono una famiglia di cervi nobili e una di daini. Il parco fu inaugurato il 16 novembre 1963. Nell\u2019agosto del 1964, gli stambecchi poterono trasferirsi in un recinto di roccia. Nel 1969, a soli tredici anni, Felix cadde vittima di una malattia polmonare. Ancora oggi, il protagonista principale della fondazione adorna il logo della \u201csua\u201d riserva per la selvaggina.      <\/p>\n\n<p class=\"has-white-color has-text-color\" style=\"font-size:18px\">xxx<\/p>\n\n<p style=\"font-size:18px\">Ulrich Nachbaur, Archivio di Stato del Vorarlberg<\/p>\n\n<p class=\"has-white-color has-text-color has-link-color wp-elements-f7a689fce178a727f98f2645458ec63f\">xxx<\/p>\n\n<p class=\"has-white-color has-text-color has-link-color wp-elements-f7a689fce178a727f98f2645458ec63f\">xxx<\/p>\n\n<p class=\"has-white-color has-text-color has-link-color wp-elements-c645e628e62f8fbab9d9726851472d16\"><\/p>\n\n<figure class=\"wp-block-embed is-type-video is-provider-youtube wp-block-embed-youtube\"><div class=\"wp-block-embed__wrapper\">\n<iframe title=\"Wildpark Feldkirch\" width=\"800\" height=\"450\" src=\"https:\/\/www.youtube.com\/embed\/3FYFy0dFVY4?feature=oembed\" frameborder=\"0\" allow=\"accelerometer; autoplay; clipboard-write; encrypted-media; gyroscope; picture-in-picture; web-share\" referrerpolicy=\"strict-origin-when-cross-origin\" allowfullscreen><\/iframe>\n<\/div><\/figure>\n\n<p class=\"has-white-color has-text-color has-link-color wp-elements-c645e628e62f8fbab9d9726851472d16\"><\/p>\n\n<hr class=\"wp-block-separator has-alpha-channel-opacity\"\/>\n\n<p><\/p>\n\n<div class=\"wp-block-group is-vertical is-layout-flex wp-container-core-group-is-layout-fe9cc265 wp-block-group-is-layout-flex\">\n<p style=\"font-size:12px\">Documento archivistico: Vorarlberger Landesarchiv: Sicherheitsdirektion f\u00fcr Vorarlberg Vr-158\/1964.<\/p>\n\n\n\n<p style=\"font-size:12px\">Altre fonti: Vorarlberger Landesarchiv: Amt der Vorarlberger Landesregierung III IIb-424\/1971; Vorarlberger Nachrichten 07.06.1959, 30.06.1961, 13.09.1961, 08.10.1962, 13.02.1963, 27.07.1963, 16.05.1964, 29.07.1964; Neue Z\u00fcrcher Nachrichten 11.07.1960; Wildpark Feldkirch n. 1-10 (1963\/64-1973).<\/p>\n\n\n\n<p style=\"font-size:12px\">Crediti immagine: Vorarlberger Landesbibliothek: Sammlung Fotograf Oskar Spang; Vorarlberger Landesarchiv: Amt der Vorarlberger Landesregierung III IIb-424\/1971.<\/p>\n\n\n\n<p style=\"font-size:12px\">Letteratura: Hannes Kaufmann, Steinwild in Vorarlberg, in: Wildpark Feldkirch Nr. 6 (1969), S. 6\u20139; Heinz Schurig, Wildpark Feldkirch, in: Montfort 20 (1968) 3, S. 594\u2013602.<\/p>\n<\/div>\n\n<hr class=\"wp-block-separator has-alpha-channel-opacity\"\/>\n\n<p><\/p>\n","protected":false},"template":"","class_list":["post-1786","archivale-des-monats","type-archivale-des-monats","status-publish","hentry"],"_links":{"self":[{"href":"https:\/\/archive-argealp.eu\/it\/wp-json\/wp\/v2\/archivale-des-monats\/1786","targetHints":{"allow":["GET"]}}],"collection":[{"href":"https:\/\/archive-argealp.eu\/it\/wp-json\/wp\/v2\/archivale-des-monats"}],"about":[{"href":"https:\/\/archive-argealp.eu\/it\/wp-json\/wp\/v2\/types\/archivale-des-monats"}],"wp:attachment":[{"href":"https:\/\/archive-argealp.eu\/it\/wp-json\/wp\/v2\/media?parent=1786"}],"curies":[{"name":"wp","href":"https:\/\/api.w.org\/{rel}","templated":true}]}}

<p style="font-size:18px">Uno stambecco che non si sentiva a casa in alta montagna.</p>

<p style="font-size:18px">Lo stambecco delle Alpi era stato sterminato fatta eccezione per un piccolo nucleo sopravvissuto nella riserva reale di caccia del Gran Paradiso, in Italia. Fu lì che, a partire dal 1906, alcuni svizzeri organizzarono il furto di capretti per allevare la specie nella riserva per la selvaggina <a href="https://www.wildpark-peterundpaul.ch/" target="_blank" rel="noopener">Peter und Paul</a> di San Gallo, inaugurata nel 1892 </p>

<p style="font-size:18px">A partire dal 1920, le rimesse in libertà in Engadina ebbero un successo duraturo. Nel 1958, i cacciatori del Vorarlberg diedero inizio a un rilascio in natura nella Valle Vergalda (Montafon), liberando tre coppie di stambecchi provenienti dalla <a href="https://nationalpark.ch/flora-und-fauna/wiederansiedlung-steinbock/" target="_blank" rel="noopener">riserva del Piz Albris</a>. Nel 1960, la colonia fu rafforzata con tre maschi e due femmine che la città di Zurigo donò alla comunità di cacciatori dalla sua riserva per la <a href="https://www.wildnispark.ch/de" target="_blank" rel="noopener">selvaggina di Langenberg</a>, istituita nel 1869. Lo “zurighese” Felix non rimase a lungo in quella zona. Si avventurò per il Vorarlberg, scese a Gortipohl, sostò nella Valle di Brand, fu avvistato sullo Stadtschrofen di Feldkirch, allietò gli abitanti di Hohenems come emblema vivente e divenne – semi-addomesticato – una vera attrazione ad Alberschwende. Lì, nel dicembre del 1962, un guardiacaccia lo catturò e lo accudì.     </p>

<p style="font-size:18px">Fu allora che Karl Lampert, commerciante di Feldkirch e capo distrettuale dei cacciatori prese l’iniziativa: il 10 luglio 1963 otto proponenti annunciarono la fondazione dell’associazione <a href="https://www.wildpark-feldkirch.at/" target="_blank" rel="noopener">“Wildpark Feldkirch”</a>, con l’intento<em> di creare un parco faunistico dedicato alla tutela di specie selvatiche autoctone e di quelle un tempo appartenenti al territorio</em>. Situato sul monte Ardetzenberg, il parco avrebbe dovuto diventare un punto di attrazione sia per i locali quanto per gli stranieri, fungendo al contempo da <em>oggetto di studio per gli studenti nell’ambito dell’educazione alla storia locale e alle scienze naturali.</em></p>

<p style="font-size:18px">A partire dal 23 luglio, Felix poté essere ammirato in un recinto provvisorio. Da San Gallo gli furono affiancati la capra Barbara e il suo capretto Ludwig. A loro si unirono una famiglia di cervi nobili e una di daini. Il parco fu inaugurato il 16 novembre 1963. Nell’agosto del 1964, gli stambecchi poterono trasferirsi in un recinto di roccia. Nel 1969, a soli tredici anni, Felix cadde vittima di una malattia polmonare. Ancora oggi, il protagonista principale della fondazione adorna il logo della “sua” riserva per la selvaggina.      </p>

<p class="has-white-color has-text-color" style="font-size:18px">xxx</p>

<p style="font-size:18px">Ulrich Nachbaur, Archivio di Stato del Vorarlberg</p>

<p class="has-white-color has-text-color has-link-color wp-elements-f7a689fce178a727f98f2645458ec63f">xxx</p>

<p class="has-white-color has-text-color has-link-color wp-elements-f7a689fce178a727f98f2645458ec63f">xxx</p>

<p class="has-white-color has-text-color has-link-color wp-elements-c645e628e62f8fbab9d9726851472d16"></p>

<figure class="wp-block-embed is-type-video is-provider-youtube wp-block-embed-youtube"><div class="wp-block-embed__wrapper">
<iframe title="Wildpark Feldkirch" width="800" height="450" src="https://www.youtube.com/embed/3FYFy0dFVY4?feature=oembed" frameborder="0" allow="accelerometer; autoplay; clipboard-write; encrypted-media; gyroscope; picture-in-picture; web-share" referrerpolicy="strict-origin-when-cross-origin" allowfullscreen></iframe>
</div></figure>

<p class="has-white-color has-text-color has-link-color wp-elements-c645e628e62f8fbab9d9726851472d16"></p>

<hr class="wp-block-separator has-alpha-channel-opacity"/>

<p></p>

<div class="wp-block-group is-vertical is-layout-flex wp-container-core-group-is-layout-fe9cc265 wp-block-group-is-layout-flex">
<p style="font-size:12px">Documento archivistico: Vorarlberger Landesarchiv: Sicherheitsdirektion für Vorarlberg Vr-158/1964.</p>



<p style="font-size:12px">Altre fonti: Vorarlberger Landesarchiv: Amt der Vorarlberger Landesregierung III IIb-424/1971; Vorarlberger Nachrichten 07.06.1959, 30.06.1961, 13.09.1961, 08.10.1962, 13.02.1963, 27.07.1963, 16.05.1964, 29.07.1964; Neue Zürcher Nachrichten 11.07.1960; Wildpark Feldkirch n. 1-10 (1963/64-1973).</p>



<p style="font-size:12px">Crediti immagine: Vorarlberger Landesbibliothek: Sammlung Fotograf Oskar Spang; Vorarlberger Landesarchiv: Amt der Vorarlberger Landesregierung III IIb-424/1971.</p>



<p style="font-size:12px">Letteratura: Hannes Kaufmann, Steinwild in Vorarlberg, in: Wildpark Feldkirch Nr. 6 (1969), S. 6–9; Heinz Schurig, Wildpark Feldkirch, in: Montfort 20 (1968) 3, S. 594–602.</p>
</div>

<hr class="wp-block-separator has-alpha-channel-opacity"/>

<p></p>
